v).
-1
Suppose 5*v + 134 = -4*i - 8, 2*v + 37 = -i. Let z = 29 + i. Let x(t) = t**2 + t - 5. What is x(z)?
7
Let v(d) = -48*d - 49. Let h(p) = 17*p + 16. Let u(l) = -17*h(l) - 6*v(l). What is u(0)?
22
Let h = 14 - 24. Let a be (-4 + (-25)/h)/(1/2). Let m(r) = -r**3 - 3*r**2 + 5*r + 2. Determine m(a).
-13
Let i(f) be the second derivative of -f**4/12 - 7*f**3/3 + 6*f**2 + 39*f + 2. Calculate i(-15).
-3
Let b(l) = l**2 + 4*l + 1. Let y = 56 - 61. What is b(y)?
6
Let h = 19 - 15. Suppose 29 = n + 2*t, 3*n = h*t + t + 65. Let o(c) = 24*c - n*c + 2 + 2. What is o(3)?
1
Let g(a) = -2*a**2 + 44*a + 47. Let i be g(23). Let s(b) = i - 7 - 10*b + 1 + 3 - b**2. Calculate s(-7).
19
Let r(b) = b**3 - 2*b - 3. Let h(c) be the second derivative of -c**5/20 - 25*c**4/12 - c**3/6 - 27*c**2/2 - 26*c. Let l be h(-25). Calculate r(l).
-7
Suppose 4*h - 6*h = 0. Let s(d) = -d**2 + 6 + h + 4*d - 9*d. What is s(-5)?
6
Let s(n) = 19*n**2 - 2 - 41*n**2 - n + 21*n**2 + 1 + 2*n**3. Calculate s(2).
9
Let p be ((-1)/(-3))/((-16)/(-144)). Suppose -5*n - p*n = 48. Let m(s) = -s**3 - 7*s**2 - 4*s + 6. Calculate m(n).
-6
Suppose -l = -5, -5 = -16*m + 18*m + l. Let v(g) = 6*g - 11. Determine v(m).
-41
Suppose 5*o + 5 = 10. Let t(s) = 9*s**2 - s. Let b be t(o). Suppose 4*a - 4 = b*a. Let y(m) = -3*m**3 + m + 1. What is y(a)?
3
Let a(l) = 3*l - 2*l**2 + 2 + l + 3*l**2 - 2*l. Let h be a(-2). Suppose -3 = -h*i - i. Let m(k) = -7*k**3 + 2*k**2 - k. Determine m(i).
-6
Suppose 3*z - 8 = 13. Let j(h) = 0 + 8*h - 4 - z*h. Give j(4).
0
Let z(q) = -q**3 - 6*q**2 - 9*q. Let s(c) = -c**3 - 6*c**2 - 8*c - 1. Let f be ((-6)/(-5))/(8/(-20)) - -5. Let u(d) = f*z(d) - 3*s(d). What is u(-4)?
11
Let z(b) = 4*b**2 + b - 3*b**2 + 0*b**3 - 1 + b**3 - 2*b**2. Let r be z(0). Let v(l) = l + 1 - 4*l**2 + 2*l**2 + 7*l**3 + 3*l**2. Calculate v(r).
-6
Let a be (16/7)/(((-36)/(-21))/6). Let f(t) = 8*t + t**2 + 8*t - 21*t - 7. Calculate f(a).
17
Let s(r) be the third derivative of r**4/24 - 4*r**3/3 - 7*r**2 - 45*r. Give s(8).
0
Let q(d) = d**2 + 4*d + 4. Let y(i) = i**2 - 6*i - 3. Suppose 5*a - 4*a - 6 = 0. Let p be y(a). Calculate q(p).
1
Let c(d) = 1 - 4*d + 1 + d**2 + 1. Suppose 0 = -6*b - 3*b + 360. Let s be (-10)/b - 18/(-8). Give c(s).
-1
Let u(o) = 4*o**2 + 14*o + 4. Let f(w) = -w**2 - 2*w. Let m(k) = 5*f(k) + u(k). Suppose -2*c = 3*h - 27, 7*c - 31 = 5*c + h. Let x = 21 - c. What is m(x)?
-8
Let s = -14 + 16. Let k(c) be the first derivative of -c**2/2 - 5*c + 12. Let n(w) = 2. Let a(z) = s*k(z) + 5*n(z). What is a(-3)?
6
Let k(h) = h**2 - 12*h + 6. Let d = 350 + -338. Give k(d).
6
Let v = -35 - -40. Suppose v*p = 4*f - 27, -p = -3*f + 2*p + 18. Let t(z) = z**3 - 3*z - 1. Give t(f).
17
Let i = 5 - 7. Let l be 2*2 - (-2)/(-2). Let h(b) = -b**2 - 3*b - 5. Let g(s) = -s**2 - 2*s - 6. Let q(a) = i*g(a) + l*h(a). Give q(-3).
3
Let b(m) = 8*m**2 - 22*m + 10. Let h(a) = 7*a**2 - 18*a + 9. Let x(q) = 6*b(q) - 7*h(q). Determine x(-4).
5
Let r = 378 + -382. Let k(a) = -2*a**3 - 5*a**2 + 5*a + 5. Determine k(r).
33
Suppose 2*q - 2*s + 2 = 0, 3*q + 2*s + 1 = 3. Let w(o) = o**2 - 5. Calculate w(q).
-5
Let u(i) = -2*i + 20*i - 8 - 3*i - 11*i. Determine u(-1).
-12
Suppose -5*p + 9 - 14 = 0. Let x(g) = g**2 - 4 + 7 - 3. What is x(p)?
1
Suppose 0 = -m + 5*a, -a - 4*a = 5*m - 60. Suppose v + 8 = -4*v + c, -m = v - 3*c. Let y(s) = 11*s**2 - 1. What is y(v)?
10
Suppose -24 = -q - 6. Suppose 2 = -2*c + 4*v - q, -2*c - 8 = -v. Let r(h) = 2*h + 2. Let f be r(c). Let u(b) = 5*b + 1. What is u(f)?
-9
Let n(u) = u**3 - u**2 + u + 7. Let a be n(0). Let p(l) be the third derivative of l**6/120 - l**5/10 - l**4/3 + 2*l**3/3 - 120*l**2 - 3*l. Give p(a).
-3
Let h(a) = -6*a + 2. Let z be ((-60)/(-80))/((-1 + 3)/(-8)). What is h(z)?
20
Let u(y) = -580 + 1163 - 584 + y. What is u(-13)?
-14
Suppose -19*a + a - 18 = 0. Let p(f) = -7*f**2 + f + 1. Determine p(a).
-7
Let y(o) = 3*o + 0*o + 1 - 4 + 3*o. Let i be (-2)/(-6) - 80/(-12). Suppose -4*n = -1 - i. Calculate y(n).
9
Let f(v) = -21*v + 42. Let h(u) = -u + 1. Let x(y) = -f(y) + 42*h(y). Let m = 152 - 153. Determine x(m).
21
Let b(q) = -3 + 8 - q + 0 + 2. Let h(j) = 3*j**2 - 48*j + 7. Let r be h(16). What is b(r)?
0
Let b(u) = -2*u**3 + 23*u**2 + 15*u - 22. Let r be b(12). Let v(t) = -t**3 + 13*t**2 + 14*t - 5. What is v(r)?
-5
Let f = -44 + 67. Let p be 1/(-4) - f/4. Let r(a) = -4*a - 9. Let j(t) = 9*t + 19. Let k(c) = -3*j(c) - 7*r(c). What is k(p)?
0
Let w(g) = 22*g + 89. Let n be w(-4). Let b(s) = -5*s - 2*s + s. Determine b(n).
-6
Let u(i) be the third derivative of -i**4/12 + i**3/3 - 571*i**2. Determine u(4).
-6
Let k(c) = 0*c**2 - 2*c**2 - 481 + 11*c**3 - 9*c**3 + 482. Let j be ((-2)/2)/((-8)/16). Give k(j).
9
Let y(u) = 69 + 4*u + u - 4*u + 2*u**2 + 15*u - 74 - u**3. Give y(5).
0
Let m(s) be the first derivative of 10*s - 1/3*s**3 - 7/2*s**2 - 9. What is m(-8)?
2
Let k be (-15 + 34)*1/(-1). Let f(t) = -t**2 - 18*t + 18. Give f(k).
-1
Let t(q) = q**3 + 3. Let f be t(0). Suppose f*x - 8 = -35. Let g be x/(-15)*(-2 - -7). Let u(s) = 2*s**2 - s - 4. Give u(g).
11
Let j = 2 + -3. Let b be -2 - (j - 9) - 0. Let y = b - 10. Let q(m) = 2*m**3 + 3*m**2 + 2*m - 1. What is q(y)?
-9
Let f(v) be the first derivative of -13*v**4/4 - 2*v**3/3 + v**2 - v - 155. Let q(s) = s**2 - s + 1. Let d be q(1). What is f(d)?
-14
Let m(o) = o + 6. Suppose -4*r = 3*g - 45, -g + 32 = g + 2*r. Let k = g - 17. Suppose 0 = -k*f - 14 - 0. What is m(f)?
-1
Let n(d) = d**2 + 5*d - 4. Let u be ((-3)/(-4))/((-1)/12). Let c = -4 - u. Suppose -3*f - 5*w = -c, 2*f + w = -0*f - 6. Calculate n(f).
-4
Let i be (-10)/(-20) + 54/4. Suppose 2*n + 5*d = -i - 5, 0 = 2*n - 2*d + 12. Let f = n - -1. Let s(c) = c**3 + 5*c**2 - 4*c + 7. Give s(f).
-5
Suppose 3*l - 5 + 14 = 0. Let b(d) = 7*d**3 + 2*d**2 - 5*d - 8. Let a(z) = z**3 - 1. Let c = 10 - 16. Let j(n) = c*a(n) + b(n). What is j(l)?
4
Let x(o) be the second derivative of -o**2 + 21*o + 0 - 1/3*o**3. Give x(5).
-12
Let l be (1/(-3))/(1/(-63)). Let h(b) = l*b**2 - 20*b**2 + 2 + 5 + 8*b. Give h(-6).
-5
Let p(h) = 708*h - 9*h**2 + h**3 + 10 + 0 - 2*h**3 - 705*h. Determine p(-9).
-17
Let t(n) = n**2 + n + 1. Let i(y) = -2*y**2 - 2*y - 1. Let v(r) = -3*i(r) - 5*t(r). Calculate v(4).
18
Let g(v) = -58*v**2 - 7*v + 6 + 18*v**2 + 15*v**2 + 24*v**2. What is g(-9)?
-12
Let p(n) = 89*n**2 + 19*n + 18. Let r(b) = -38*b**2 - 9*b - 9. Let x(h) = -3*p(h) - 7*r(h). Determine x(6).
9
Let w(j) = j**3 + 7*j**2 + 5*j - 3. Let v(x) = -x**2 + 5*x + 4. Let d be v(5). Suppose 5*m + 16 = -s, 0*s - d*m = -5*s - 22. What is w(s)?
3
Let k(v) = -v**3 - 7*v**2 - 2*v - 10. Let z be k(-7). Let h(a) = -a**2 + 12*a - 28. Determine h(z).
4
Let k be ((-36)/(-6))/(9/6). Let c(r) = 12*r - 14. Let z(v) = -4*v + 5. Let o(q) = k*c(q) + 11*z(q). Calculate o(-1).
-5
Let w(g) = -3*g**2 + g + 1. Let b(d) = -41*d - 494. Let j be b(-12). What is w(j)?
-13
Let t(p) = p**2 - 7*p - 2. Let o be t(7). Let c = 6 + o. Let l(b) = -c*b - 3*b + 4*b - 2*b**2 + b**2. Determine l(-3).
0
Suppose -42*c - 238 = 14. Let x(q) = -q**2 + 0*q**2 - 3*q**2 - 2 - 4*q - q**3 - 2*q**2. Give x(c).
22
Let w(h) = h**2 - 7*h + 4. Let j = -1559 - -1566. What is w(j)?
4
Let r be 2/2 + 54/6. Let s(g) = g**3 - 10*g**2 + 2*g - 21. Determine s(r).
-1
Let r = -491 - -485. Let o(g) = -3*g + g - 6 + g. What is o(r)?
0
Let k = 15 + -14. Let a(t) = 0 + 0 - 2*t + 3 + k. Suppose -2*p - 3 - 15 = -2*i, -3*p = 4*i - 15. What is a(i)?
-8
Let c(z) = z. Suppose -4*j = 26*d - 23*d - 1, 4 = -5*d - j. Determine c(d).
-1
Let a(s) = 5*s**2 + 9 - 14 - 6*s**2 - 9*s. What is a(-8)?
3
Suppose -10*z + 4*z - 180 = 0. Let q = z - -32. Let n(s) = -s**3 + 2*s**2 - 2. What is n(q)?
-2
Let k = -266 - -272. Let z be 6/4*(-100)/(-15). Let t(y) = -6*y**2 - y + 2 - z*y**3 - 2*y + 5 + 11*y**3. Calculate t(k).
-11
Suppose 5*h = -5*g + 4*h - 21, 12 = 3*h. Let q(m) = m**3 - m**2 + 6. Let i be q(0). Let d(s) = -3*s + 1 + i + s + 4*s. Determine d(g).
-3
Let u(r) = -2*r**3 - 2*r**2 + r + 7. Let b be u(-3). Suppose 3*z - 6*l + l = 8, 5*l = -5*z + b. Let v(n) = n**2 - 4*n - 1. What is v(z)?
11
Let j(p) = 2*p**2 + 14*p + 3. Suppose -52 + 80 = -4*t. Determine j(t).
3
Let v(q) = 8*q - 5*q + 4 - 3 - 4*q. Suppose -7*t + 4*f - 9 = -12*t, -3*f = -5*t + 37. Determine v(t).
-4
Let g(o) = 8*o**2 - 